).
-8
Let l(g) = -36*g**2 - g. What is l(1)?
-37
Let l(u) = 13*u**3 - 2*u**2 - u. Determine l(-1).
-14
Let r(g) = g**3 - g**2 + 2*g + 1. Calculate r(-2).
-15
Let m(n) = n**2 + 21*n + 112. Calculate m(-10).
2
Let m(o) = -7*o + 1. What is m(-3)?
22
Let b(z) = -14*z - 331. Calculate b(-23).
-9
Let u(k) = -k**2 + 6*k - 12. Give u(5).
-7
Let d(l) = -l**2 + 28*l - 89. Determine d(4).
7
Let d(c) = -c**3 + 3*c + 7. What is d(0)?
7
Let d(h) = h**3 + 8*h**2 + 2*h. Calculate d(-3).
39
Let t(y) = -2*y - 30. Determine t(-11).
-8
Let p(h) = -5*h**3 + 16*h**2 - 4*h + 7. What is p(3)?
4
Let h(n) = -n**2 - 35*n + 239. Give h(6).
-7
Let k(r) = -r**2 - 24. Give k(0).
-24
Let l(f) = -f**2 + 4. What is l(-2)?
0
Let b(c) = 5*c - 2. Determine b(-7).
-37
Let a(j) = 6*j + 4. What is a(-5)?
-26
Let d(q) = -q**2 - 18*q - 17. Determine d(-14).
39
Let f(b) = -2*b + 4. What is f(-2)?
8
Let k(t) = -t**3 - 2*t**2 + t + 2. Determine k(0).
2
Let d(y) = -y**3 + 10*y**2 + 5*y + 30. Give d(10).
80
Let z(g) = g**3 - 5*g - 3. Determine z(-2).
-1
Let c(j) = -4*j**2 - 47*j + 10. Give c(-12).
-2
Let k(o) = o**2 + 18*o + 31. Calculate k(-15).
-14
Let x(m) = 82*m - 6. Determine x(0).
-6
Let i(o) = 7*o**3 - 2*o**2 - 5*o - 3. Give i(-1).
-7
Let q(v) = v**3 + 4*v**2 + 2*v - 7. Give q(-3).
-4
Let l(u) = -u**2 - u - 1. Give l(-5).
-21
Let k(p) = p**2 - 3*p + 14. What is k(-6)?
68
Let v(n) = -n**2 + 8*n + 1. Determine v(0).
1
Let h(x) = x**3 - 7*x**2 + 3. Determine h(7).
3
Let w(p) = -3*p**2 + 55*p - 226. Determine w(6).
-4
Let x(u) = u**3 + 17*u**2 - 5*u - 97. Give x(-17).
-12
Let z(t) = t**3 + 11*t**2 - 3*t + 104. Calculate z(-12).
-4
Let v(t) = -12*t**2 + 3*t + 2. Calculate v(-2).
-52
Let u(s) = -11*s**2 - 2*s + 5. Give u(2).
-43
Let w(m) = -m**2 + 6*m + 8. What is w(8)?
-8
Let j(c) = c**3 + 14*c**2 + 23*c - 20. Give j(-12).
-8
Let k(h) = -13*h + 7. Give k(1).
-6
Let o(i) = -i**2 + 3. What is o(3)?
-6
Let f(t) = -t**2 - 4*t + 34. Determine f(5).
-11
Let h(p) = p**2 + 4*p + 5. What is h(-2)?
1
Let a(p) = -p**2 + 19*p - 22. Determine a(17).
12
Let t(l) = l**3 + 13*l**2 + 13*l + 9. Calculate t(-12).
-3
Let v(t) = t**3 + t**2 - 2*t - 7. Determine v(-2).
-7
Let j(w) = 2*w**3 + 7*w**2 - 7*w - 7. Give j(-4).
5
Let b(g) = g + 8. What is b(-2)?
6
Let x(d) = d**2 + 3*d + 21. Calculate x(-11).
109
Let u(t) = 2*t + 8. Determine u(-12).
-16
Let x(m) = -125*m + 119. Calculate x(1).
-6
Let r(v) = 3*v**2 - v. Calculate r(1).
2
Let f(t) = -7*t + 63. Give f(7).
14
Let b(i) = -i**3 - 24*i**2 - 41*i + 60. What is b(-22)?
-6
Let y(b) = -8*b - 59. Give y(-7).
-3
Let a(v) = -v**2 + 27*v - 49. What is a(24)?
23
Let h(w) = 2*w**2 + 13*w + 4. Calculate h(-5).
-11
Let d(h) = h**3 - 5*h + 5. What is d(3)?
17
Let l(q) = 10*q**2 + 5*q + 3. Determine l(-2).
33
Let i(k) = -3*k + 9. Give i(4).
-3
Let d(t) = 2*t**2 - t - 1. What is d(2)?
5
Let l(t) = -19*t - 163. Give l(-9).
8
Let m(b) = -5*b + 63. Calculate m(15).
-12
Let o(v) = 54*v + 3. Calculate o(-3).
-159
Let z(u) = -u**3 - 23*u**2 - 6*u - 28. Give z(-23).
110
Let k(j) = -4*j + 36. What is k(28)?
-76
Let f(m) = m**3 - 11*m**2 - 21*m - 6. Determine f(13).
59
Let l(w) = -14*w + 2. Determine l(2).
-26
Let u(n) = 9*n + 14. What is u(-3)?
-13
Let f(h) = -h**3 - 5*h**2 - 7*h - 4. What is f(-2)?
-2
Let r(g) = -g**3 - 6*g**2 + 9*g + 10. Give r(-7).
-4
Let k(z) = 2*z**2 + 11*z + 21. Give k(-5).
16
Let b(k) = k + 13. Give b(-18).
-5
Let w(x) = x**3 + x**2 + 2*x + 2. Determine w(-2).
-6
Let c(d) = -d + 26. What is c(21)?
5
Let q(o) = o**2 - o - 6. Determine q(7).
36
Let n(j) = -6*j**2 - 2*j - 1. Give n(2).
-29
Let c(y) = -14*y**2 + 124*y + 11. Determine c(9).
-7
Let m(u) = -23*u. Determine m(2).
-46
Let i(s) = s**3 - 12*s**2 - 14*s + 8. Calculate i(13).
-5
Let k(u) = u**3 + 9*u**2 - 13*u - 30. What is k(-10)?
0
Let s(h) = h**3 - 28*h**2 + 189*h - 31. Give s(17).
3
Let u(a) = -a**2 + 4*a + 7. What is u(-4)?
-25
Let k(w) = w**2 + 2*w - 7. What is k(-4)?
1
Let b(k) = -10*k + 128. Determine b(13).
-2
Let n(o) = -14*o + 51. Determine n(4).
-5
Let t(z) = -z**3 + 5*z**2 - 17*z + 63. What is t(4)?
11
Let s(t) = -4*t + 9. What is s(5)?
-11
Let c(u) = -u**3 + 8*u**2 + 23*u - 31. What is c(10)?
-1
Let f(u) = 10*u - 37. Determine f(6).
23
Let q(w) = w**3 - 7*w**2 - 17*w + 5. Give q(9).
14
Let g(k) = -k - 19. Determine g(-5).
-14
Let j(m) = -m**3 - 6*m**2 - 5. What is j(-5)?
-30
Let n(p) = -3*p**2 - 13*p + 1. What is n(-10)?
-169
Let t(s) = s**3 + 12*s**2 - 14*s - 19. Give t(-13).
-6
Let w(m) = m**3 - 14*m**2 + 15*m - 13. Calculate w(13).
13
Let z(f) = -16*f**2 - f - 1. Determine z(-1).
-16
Let d(s) = -s**3 - 8*s**2 - 5*s - 5. Give d(-4).
-49
Let y(o) = o**3 - 2*o**2 - 4*o + 3. Calculate y(3).
0
Let n(s) = -s**3 - 19*s**2 + 20*s + 7. Determine n(-20).
7
Let p(w) = w**3 - 21*w**2 + 20*w + 4. Give p(20).
4
Let l(p) = 5*p + 95. What is l(-15)?
20
Let p(v) = 3*v + 2. What is p(2)?
8
Let x(f) = -10*f + 30. Calculate x(3).
0
Let o(y) = y**2 + 15*y - 10. Give o(-16).
6
Let y(v) = 5*v - 3. Calculate y(-5).
-28
Let m(k) = k**3 + 5*k**2 - 4*k - 6. Calculate m(-6).
-18
Let y(t) = 4*t**3 - 5*t**2 + 5*t - 3. Give y(2).
19
Let y(t) = t**2 + 11*t + 13. Give y(-10).
3
Let b(m) = -m**2 + 19*m - 16. Calculate b(15).
44
Let g(j) = j**3 - j**2 - 2*j - 38. What is g(0)?
-38
Let h(r) = -r**3 + 9*r**2 - r + 17. Determine h(9).
8
Let p(s) = -s**2 + 5*s - 26. What is p(0)?
-26
Let i(f) = f**2 + 26*f + 48. Determine i(-24).
0
Let q(a) = -a**2 + 18*a - 10. Calculate q(17).
7
Let q(r) = 7*r + 9. Determine q(-4).
-19
Let v(f) = 10*f - 56. Give v(7).
14
Let t(l) = -l**3 + 3*l**2 + 11*l - 3. What is t(6)?
-45
Let b(g) = g**2 - 11*g + 42. Give b(0).
42
Let k(u) = 2*u**2 + 27*u + 64. What is k(-10)?
-6
Let l(r) = 4*r**2 - 24*r - 10. Determine l(7).
18
Let s(a) = -a**3 + 9*a**2 + 10*a + 14. Calculate s(10).
14
Let o(d) = 2*d**2 + 14*d + 33. What is o(-3)?
9
Let q(a) = -a**2 + 8*a + 67. Determine q(12).
19
Let l(j) = -j**2 + 9. Calculate l(4).
-7
Let s(p) = 3*p**3 + 22*p**2 + p + 15. Determine s(-7).
57
Let b(f) = -7*f + 74. Give b(12).
-10
Let g(b) = -2*b**3 - 13*b**2 - 7*b - 10. What is g(-6)?
-4
Let h(m) = m**3 - 6*m**2 - 6*m - 8. What is h(7)?
-1
Let u(k) = k + 4. What is u(-2)?
2
Let f(h) = -h**2 - 12*h - 1. Determine f(-11).
10
Let a(q) = -2*q**3 - 4*q**2 + 5*q + 16. Determine a(-5).
141
Let t(p) = -4*p - 3. Determine t(-8).
29
Let j(a) = 24*a - 506. Determine j(21).
-2
Let d(v) = v**2 + 28*v + 29. Calculate d(-26).
-23
Let i(d) = -d**3 + 9*d**2 + 10*d - 4. Calculate i(10).
-4
Let h(b) = -2*b**2 + 83. Determine h(-7).
-15
Let r(x) = 5*x**2 + 3*x - 4. What is r(5)?
136
Let z(s) = s**2 + 20*s + 66. Give z(-16).
2
Let l(c) = -3*c + 28. Calculate l(-9).
55
Let z(a) = -3*a**2 + 26*a - 31. Calculate z(7).
4
Let h(s) = s**3 - 23*s**2 - 3*s + 77. Calculate h(23).
8
Let b(m) = -5*m + 310. Determine b(60).
10
Let i(u) = 11*u - 55. Calculate i(0).
-55
Let g(v) = 3*v**2 - 4*v + 5. Give g(-4).
69
Let q(s) = s**3 - 3*s**2 + 11. Calculate q(5).
61
Let g(z) = -z**3 - 5*z**2 + 14*z. Determine g(2).
0
Let l(c) = -9*c - 16. What is l(4)?
-52
Let c(l) = 3*l**2 - 7*l + 8. Give c(2).
6
Let d(s) = 25*s**2 - 2*s + 3. Determine d(1).
26
Let q(w) = -2*w**2 - 48*w + 98. Determine q(-26).
-6
Let l(r) = -r - 40. What is l(-34)?
-6
Let q(m) = 3*m**2 - 11*m + 8. What is q(4)?
12
Let p(x) = -x**2 + 7*x - 6. Give p(7).
-6
Let q(x) = x**3 - 16*x**2 + x + 2. Determine q(16).
18
Let v(r) = -r**2 - r + 12. Calculate v(4).
-8
Let u(a) = 10*a + 10. What is u(-4)?
-30
Let a(d) = -3*d + 9. What is a(5)?
-6
Let a(t) = t + 2. Give a(-6).
-4
Let d(u) = u**3 + 20*u**2 + 36*u. Determine d(-18).
0
Let q(k) = 4*k**2 - 30. Determine q(-3).
6
Let p(v) = -6*v**3 - 2*v**2 + 3*v - 1. Calculate p(1).
-6
Let v(j) = j**2 + 6*j - 38. Calculate v(4).
2
Let l(a) = -7*a - 18. Calculate l(-4).
10
Let r(s) = s**2 - 19*s - 63. Calculate r(22).
3
Let u(r) = -5*r**2 + 51*r + 52. Give u(11).
8
Let k(h) = 7*h - 27. Give k(3).
-6
Let p(a) = a**2 + 5*a - 7. Calculate p(-5).
-7
Let o(z) = -6*z - 37. Calculate o(-8).
11
Let c(t) = 2*t**2 - 5*t + 4. Determine c(2).
2
Let s(m) = 2*m + 17. What is s(7)?
31
Let k(c) = -c**3 - 2*c**2 - 4*c - 9. Give k(-4).
39
Let q(z) = -z**3 - 30*z**2 + 33*z + 65. What is q(-31)?
3
Let r(j) = -j**2 - 19*j + 2. What is r(-19)?
2
Let m(j) = 2*j**3 + 5*j**2